Let x be 686/28*4/14. What is the highest common divisor of x and j?
7
Let h(s) = s**3 + 2*s**2 + 7*s. Suppose -9 = -3*d, 8*d = 4*u + 10*d - 22. Let n be h(u). What is the greatest common factor of 62 and n?
62
Let h = 342 + -323. Calculate the highest common factor of h and 152.
19
Let g(d) = 99*d**2 - 6*d - 1. Suppose -7*n + 8*n - 4 = 5*h, -2 = 4*h - 2*n. Let b be g(h). Calculate the highest common factor of 39 and b.
13
Let g(x) = x**2 - 4*x - 7. Let p be g(6). Let b = -428 - -424. Let o be (p/((-50)/(-16)))/(b/(-50)). What is the highest common factor of 160 and o?
20
Let a = 7 - 0. Let p be (-26)/(-4) + 36/72. Suppose -p*q = -4*q + f - 188, 5*q - 313 = -2*f. What is the greatest common factor of q and a?
7
Suppose 9156*k - 9172*k = -128. What is the greatest common factor of k and 3120?
8
Let q be -408 - 7/(42/24). Let n = q - -536. Calculate the greatest common factor of 217 and n.
31
Let t be (35/(-7))/((-2 - -1) + (-208)/(-209)). Calculate the highest common divisor of t and 330.
55
Let w(y) = -8*y - 120. Suppose 5*k - k + 70 = -s, 3*s - 60 = 3*k. Let x be w(k). Calculate the highest common divisor of 30 and x.
6
Let k(a) = -20*a + 2. Let f be k(-3). Let b be 1 - 0/(17 + -2). What is the greatest common divisor of b and f?
1
Let w = -54 + 59. Suppose 104 + 21 = w*n. Suppose 0 = 2*z - 77 - n. What is the highest common divisor of 17 and z?
17
Suppose 0 = 3*r + 19*r + 242. Let f(x) = -58*x - 206. Let k be f(r). Calculate the highest common divisor of k and 24.
24
Let u(v) = v + 4. Let n be u(0). Suppose n*q = 175 - 43. What is the greatest common factor of 9 and q?
3
Let o(t) = 27*t**2 - 19*t - 131. Let p be o(-8). Calculate the greatest common divisor of p and 99.
33
Suppose -179*k + 26428 = 322*k - 9644. What is the highest common factor of 20 and k?
4
Suppose 20 = -4*k, 4*s - k = k + 190. What is the highest common factor of 13005 and s?
45
Let g be ((-72)/16)/(-9)*106. Suppose 4*t = 3*a - 63, -51*t + g*t = -5*a + 105. Calculate the highest common factor of a and 15.
3
Let t = 49 + 113. Let l = 163 - t. Suppose -v - 2*v = -33. Calculate the greatest common factor of v and l.
1
Let s(h) = -h**2 - 14*h - 2. Let d be s(-4). What is the greatest common divisor of 14 and d?
2
Suppose -17*c + 109*c - 4729842 = -401*c. Calculate the highest common factor of 936 and c.
234
Let i be (84/105)/(5/2475). What is the greatest common divisor of i and 192?
12
Suppose 3*b = -5*t + 33611, 6721 = t - 4*b + 5*b. Calculate the highest common divisor of 328 and t.
164
Let z be ((-29831625)/(-275))/9 + 4/(-22). Calculate the highest common divisor of z and 34.
17
Suppose 3580 = 3*d - 1781. Suppose -12*k + 301 = -d. What is the highest common divisor of k and 116?
58
Suppose 0 = -w - 6*y + 10*y - 741, -2*y = -8. Let m = w + 736. Calculate the highest common divisor of 891 and m.
11
Suppose -3*x + 156 = -5*p, 2*x - 20*p - 66 = -23*p. What is the highest common factor of x and 4522?
14
Let a be 4 + (-5)/((-15)/18). Let f be (-4)/(-22) - 2652/187. Let p = 19 + f. Calculate the highest common divisor of a and p.
5
Suppose 175 - 163 = 2*p, 3*j - 675 = -4*p. Calculate the highest common factor of j and 112.
7
Suppose -5 = 2*y - 9. Suppose -5*k = 2*r - 28, -3*r = -k - y*k. Suppose -4*w + v + 4*v = -139, 144 = k*w - 4*v. What is the highest common factor of w and 82?
41
Let w = -1916 - -6572. What is the greatest common factor of 48 and w?
48
Let i be 33 + -22 - 12*(3 + -1136). What is the highest common divisor of i and 11?
11
Let y = -363 + 759. Let o = y + -286. What is the greatest common divisor of o and 275?
55
Let r = -87 + -24. Let y = 200 + r. Let d = -71 + y. What is the highest common divisor of 72 and d?
18
Let f = -501 - -994. What is the highest common divisor of 765 and f?
17
Let r = -4413 + 15877. Calculate the greatest common factor of 24 and r.
8
Let x be 1734/24 - (-4 + 0)/(-16). Let s = -98 + 434. What is the greatest common factor of s and x?
24
Let a be (-22)/(-11) + (3 + 262 - 2). Let n be (-1 - 44)/(21/42). Let k = n + 143. Calculate the greatest common factor of a and k.
53
Let l(y) = 2*y**2 + 72*y + 125. Let p be l(-35). What is the greatest common factor of 935 and p?
55
Let u(n) = 134*n**3 - 3*n**2 - n + 20. Let s be u(2). Calculate the highest common factor of 1001 and s.
77
Suppose -44*s + 240 = -24*s. Let f be s + 350/42 + (-2)/(-3). Suppose 5*i = -5*w + 15, -21 = -w - i + 6*i. What is the greatest common divisor of f and w?
3
Suppose 12 = 4*c, 5*p - 19 = 3*c - 6*c. Suppose p*x + 7 = 13. Suppose 9*i + 3*a - 40 = 4*i, 0 = 4*i - 4*a. What is the highest common divisor of x and i?
1
Let l be 28/(-28) + 72 + 1. Let i = 233 + -153. Let b = 176 - i. What is the highest common factor of b and l?
24
Let g be (90 - (-1)/(-1))/(-46 - -45). Let w = g - -119. Calculate the greatest common divisor of w and 150.
30
Let h = -8429 - -8516. What is the greatest common divisor of h and 2204?
29
Suppose 200 + 360 = 10*p. Suppose 2*y = y + 48. Calculate the highest common factor of y and p.
8
Suppose 4*j = 4*h + 4676 + 520, 2*j - h = 2595. Suppose p - j = -5*p. Let q = 2599 + -2587. Calculate the greatest common divisor of q and p.
12
Suppose -5*n = 5*t - 162 - 33, 3*t = -n + 41. Suppose 5*z - 444 = -2*u - 97, -167 = -u + 4*z. Calculate the highest common factor of u and n.
19
Suppose -4*b = -6*u + 7*u - 14, -b - 37 = -2*u. What is the highest common divisor of 66 and u?
6
Suppose -1643 - 768 = -58*a + 373. What is the greatest common factor of a and 1572?
12
Let f(t) = -12*t + 68. Let a be f(-34). What is the highest common factor of a and 1156?
68
Suppose 41*v + 160*v - 2490 = -48*v. Calculate the greatest common divisor of 4810 and v.
10
Let b(i) = -i**3 + 10*i**2 + 39*i + 4. Let w be b(13). Calculate the highest common factor of 42 and w.
2
Let p = -35960 + 36062. What is the greatest common factor of 16779 and p?
51
Let g(m) = 20*m**3 - 9*m**2 - 20*m + 56. Let c be g(3). Calculate the greatest common divisor of 2975 and c.
35
Suppose 253*s = 52*s + 279993. What is the greatest common divisor of s and 597?
199
Let i = 13470 - 13329. Calculate the highest common divisor of 13066 and i.
47
Let c = -35 + 58. Suppose -3*d = 2*s - c, 4*s + d = 4*d + 73. What is the greatest common factor of s and 112?
16
Let g(r) = -r**3 - 150*r**2 + 352*r + 267. Let a be g(-153). What is the highest common divisor of 47 and a?
47
Suppose -3*r = -3*x + 18, 7*r - 8 = 9*r. Suppose x*d - 123 + 109 = 0. What is the greatest common factor of d and 77?
7
Let h be (-1 + 40/(-6))/((-1052)/37872). What is the highest common divisor of 48 and h?
12
Let y = 229 - 184. Suppose 0 = -h - n - 1, h = 2*n - 1 + 3. Let f be h + (2*y)/5. What is the highest common factor of f and 180?
18
Let x(m) = -m**3 - 20*m**2 + 43*m + 38. Let j = -174 + 152. Let v be x(j). What is the greatest common factor of v and 48?
12
Let w(q) = 162*q - 3. Let v be w(-1). Let r = v - -178. What is the highest common factor of r and 221?
13
Suppose 22*t = 23*t - 2. Suppose t*r = -c + 3, 20 = -5*r - c + 4*c. Let v be 20/((r - -3) + 0). Calculate the greatest common factor of 70 and v.
10
Suppose -2*u = s - 2, -4*u + 4*s = -5*u + 8. Let j be 4 - u - 44/22 - -166. Calculate the highest common factor of 36 and j.
12
Let h(b) = b**2 + b + 17. Let l be h(8). Let u = 97 - l. Suppose -u*x = -10*x + 84. What is the greatest common divisor of x and 21?
21
Suppose 2274 = -5*m + 5*o + 22179, 0 = 2*o - 8. Calculate the greatest common factor of m and 10.
5
Suppose -2 = k, n = -3*k + 5*k + 28. Let b be 658/8 + (-6)/n. Let x = 87 - b. Calculate the highest common divisor of 35 and x.
5
Suppose -18 + 50 = 8*m. Suppose 95 = m*y - v, 31 = 2*y - 0*y + 5*v. Let j = y - 7. Calculate the greatest common factor of 40 and j.
8
Let y(l) = l**3 - 8*l**2 + 4*l + 8. Let w be y(6). Let n = w + 43. Suppose -n*x + 46 = -x. Calculate the greatest common divisor of 184 and x.
23
Let c(i) = -i**3 + 40*i**2 + 6*i - 6. Let h be c(40). Let o(s) = 24*s**2 - s + 1. Let g be o(-1). What is the greatest common divisor of h and g?
26
Let k = 23 - 22. Let r be -6*(k/(-4) + 3/(-12)). Suppose r*j - 5*x = 572, -j = 5*x - 2*x - 186. What is the greatest common divisor of 21 and j?
21
Let g = -430 - -2133. What is the greatest common factor of g and 393?
13